[INFO] cloning repository https://github.com/lukaslihotzki/uc_pixelflood
[INFO] running `Command { std: "git" "-c" "credential.helper=" "-c" "credential.helper=/workspace/cargo-home/bin/git-credential-null" "clone" "--bare" "https://github.com/lukaslihotzki/uc_pixelflood" "/workspace/cache/git-repos/https%3A%2F%2Fgithub.com%2Flukaslihotzki%2Fuc_pixelflood", kill_on_drop: false }`
[INFO] [stderr] Cloning into bare repository '/workspace/cache/git-repos/https%3A%2F%2Fgithub.com%2Flukaslihotzki%2Fuc_pixelflood'...
[INFO] running `Command { std: "git" "rev-parse" "HEAD", kill_on_drop: false }`
[INFO] [stdout] 85e54ab3f2d84e07934b67f7e2a330880b7c5c43
[INFO] checking lukaslihotzki/uc_pixelflood against master#af3c6e733a40e671550e0f0f5aeecaa13772ba56 for pr-74989
[INFO] running `Command { std: "git" "clone" "/workspace/cache/git-repos/https%3A%2F%2Fgithub.com%2Flukaslihotzki%2Fuc_pixelflood" "/workspace/builds/worker-3/source", kill_on_drop: false }`
[INFO] [stderr] Cloning into '/workspace/builds/worker-3/source'...
[INFO] [stderr] done.
[INFO] validating manifest of git repo https://github.com/lukaslihotzki/uc_pixelflood on toolchain af3c6e733a40e671550e0f0f5aeecaa13772ba56
[INFO] running `Command { std: "/workspace/cargo-home/bin/cargo" "+af3c6e733a40e671550e0f0f5aeecaa13772ba56" "read-manifest" "--manifest-path" "Cargo.toml", kill_on_drop: false }`
[INFO] removed /workspace/builds/worker-3/source/.cargo/config
[INFO] started tweaking git repo https://github.com/lukaslihotzki/uc_pixelflood
[INFO] finished tweaking git repo https://github.com/lukaslihotzki/uc_pixelflood
[INFO] tweaked toml for git repo https://github.com/lukaslihotzki/uc_pixelflood written to /workspace/builds/worker-3/source/Cargo.toml
[INFO] crate git repo https://github.com/lukaslihotzki/uc_pixelflood already has a lockfile, it will not be regenerated
[INFO] running `Command { std: "/workspace/cargo-home/bin/cargo" "+af3c6e733a40e671550e0f0f5aeecaa13772ba56" "fetch" "--locked" "--manifest-path" "Cargo.toml", kill_on_drop: false }`
[INFO] [stderr]     Blocking waiting for file lock on package cache
[INFO] [stderr]     Blocking waiting for file lock on package cache
[INFO] running `Command { std: "docker" "create" "-v" "/var/lib/crater-agent-workspace/builds/worker-3/target:/opt/rustwide/target:rw,Z" "-v" "/var/lib/crater-agent-workspace/builds/worker-3/source:/opt/rustwide/workdir:ro,Z" "-v" "/var/lib/crater-agent-workspace/cargo-home:/opt/rustwide/cargo-home:ro,Z" "-v" "/var/lib/crater-agent-workspace/rustup-home:/opt/rustwide/rustup-home:ro,Z" "-e" "SOURCE_DIR=/opt/rustwide/workdir" "-e" "CARGO_TARGET_DIR=/opt/rustwide/target" "-e" "CARGO_HOME=/opt/rustwide/cargo-home" "-e" "RUSTUP_HOME=/opt/rustwide/rustup-home" "-w" "/opt/rustwide/workdir" "-m" "1610612736" "--user" "0:0" "--network" "none" "rustops/crates-build-env@sha256:d92eaeed33fa75130ca1ee6c8a01d1ffb62bac859dfdfb3450e3e5d1c0146529" "/opt/rustwide/cargo-home/bin/cargo" "+af3c6e733a40e671550e0f0f5aeecaa13772ba56" "metadata" "--no-deps" "--format-version=1", kill_on_drop: false }`
[INFO] [stdout] 4185769d3923b7debe3f2fc6f919c6fe7ffa8e5bb8ff1035afef343105c7187a
[INFO] [stderr] WARNING: Your kernel does not support swap limit capabilities or the cgroup is not mounted. Memory limited without swap.
[INFO] running `Command { std: "docker" "start" "-a" "4185769d3923b7debe3f2fc6f919c6fe7ffa8e5bb8ff1035afef343105c7187a", kill_on_drop: false }`
[INFO] running `Command { std: "docker" "inspect" "4185769d3923b7debe3f2fc6f919c6fe7ffa8e5bb8ff1035afef343105c7187a", kill_on_drop: false }`
[INFO] running `Command { std: "docker" "rm" "-f" "4185769d3923b7debe3f2fc6f919c6fe7ffa8e5bb8ff1035afef343105c7187a", kill_on_drop: false }`
[INFO] [stdout] 4185769d3923b7debe3f2fc6f919c6fe7ffa8e5bb8ff1035afef343105c7187a
[INFO] running `Command { std: "docker" "create" "-v" "/var/lib/crater-agent-workspace/builds/worker-3/target:/opt/rustwide/target:rw,Z" "-v" "/var/lib/crater-agent-workspace/builds/worker-3/source:/opt/rustwide/workdir:ro,Z" "-v" "/var/lib/crater-agent-workspace/cargo-home:/opt/rustwide/cargo-home:ro,Z" "-v" "/var/lib/crater-agent-workspace/rustup-home:/opt/rustwide/rustup-home:ro,Z" "-e" "SOURCE_DIR=/opt/rustwide/workdir" "-e" "CARGO_TARGET_DIR=/opt/rustwide/target" "-e" "CARGO_INCREMENTAL=0" "-e" "RUST_BACKTRACE=full" "-e" "RUSTFLAGS=--cap-lints=forbid" "-e" "CARGO_HOME=/opt/rustwide/cargo-home" "-e" "RUSTUP_HOME=/opt/rustwide/rustup-home" "-w" "/opt/rustwide/workdir" "-m" "1610612736" "--user" "0:0" "--network" "none" "rustops/crates-build-env@sha256:d92eaeed33fa75130ca1ee6c8a01d1ffb62bac859dfdfb3450e3e5d1c0146529" "/opt/rustwide/cargo-home/bin/cargo" "+af3c6e733a40e671550e0f0f5aeecaa13772ba56" "check" "--frozen" "--all" "--all-targets" "--message-format=json", kill_on_drop: false }`
[INFO] [stdout] bd2824641024d07ed4637823c46d5905c426d48ee27410d741a7b5249e05d6c1
[INFO] [stderr] WARNING: Your kernel does not support swap limit capabilities or the cgroup is not mounted. Memory limited without swap.
[INFO] running `Command { std: "docker" "start" "-a" "bd2824641024d07ed4637823c46d5905c426d48ee27410d741a7b5249e05d6c1", kill_on_drop: false }`
[INFO] [stderr]    Compiling proc-macro2 v0.4.27
[INFO] [stderr]    Compiling unicode-xid v0.1.0
[INFO] [stderr]    Compiling syn v0.15.29
[INFO] [stderr]    Compiling semver-parser v0.7.0
[INFO] [stderr]     Checking futures-core-preview v0.3.0-alpha.13 (https://github.com/rust-lang-nursery/futures-rs.git#6e96a856)
[INFO] [stderr]    Compiling proc-macro-nested v0.1.3
[INFO] [stderr]    Compiling rand_core v0.4.0
[INFO] [stderr]    Compiling cortex-m v0.5.8
[INFO] [stderr]     Checking vcell v0.1.0
[INFO] [stderr]     Checking pin-utils v0.1.0-alpha.4
[INFO] [stderr]    Compiling byteorder v1.3.1
[INFO] [stderr]     Checking aligned v0.2.0
[INFO] [stderr]     Checking either v1.5.1
[INFO] [stderr]    Compiling cortex-m-rt v0.6.7 (https://github.com/rust-embedded/cortex-m-rt.git#989922dd)
[INFO] [stderr]    Compiling arrayvec v0.4.10
[INFO] [stderr]     Checking volatile-register v0.1.2
[INFO] [stderr]     Checking r0 v0.2.2
[INFO] [stderr]    Compiling cortex-m-semihosting v0.3.2
[INFO] [stderr]    Compiling stm32f7 v0.3.2
[INFO] [stderr]    Compiling stm32f7-discovery v0.1.0 (/opt/rustwide/workdir/stm32f7-discovery)
[INFO] [stdout] error[E0053]: method `poll` has an incompatible type for trait
[INFO] [stdout]   --> /opt/rustwide/cargo-home/git/checkouts/futures-rs-4ca77cb4f4f05ac4/6e96a85/futures-core/src/future/future_obj.rs:64:5
[INFO] [stdout]    |
[INFO] [stdout] 64 |     fn poll(self: Pin<&mut Self>, waker: &Waker) -> Poll<T> {
[INFO] [stdout]    |     ^^^^^^^^^^^^^^^^^^^^^^^^^^^^^^^^^^^^^^^^^^^^^^^^^^^^^^^ types differ in mutability
[INFO] [stdout]    |
[INFO] [stdout]    = note: expected fn pointer `fn(core::pin::Pin<&mut future_obj::LocalFutureObj<'a, T>>, &mut Context<'_>) -> core::task::Poll<_>`
[INFO] [stdout]               found fn pointer `fn(core::pin::Pin<&mut future_obj::LocalFutureObj<'a, T>>, &core::task::Waker) -> core::task::Poll<_>`
[INFO] [stdout] 
[INFO] [stdout] 
[INFO] [stdout] error[E0053]: method `poll` has an incompatible type for trait
[INFO] [stdout]    --> /opt/rustwide/cargo-home/git/checkouts/futures-rs-4ca77cb4f4f05ac4/6e96a85/futures-core/src/future/future_obj.rs:114:5
[INFO] [stdout]     |
[INFO] [stdout] 114 |     fn poll(self: Pin<&mut Self>, waker: &Waker) -> Poll<T> {
[INFO] [stdout]     |     ^^^^^^^^^^^^^^^^^^^^^^^^^^^^^^^^^^^^^^^^^^^^^^^^^^^^^^^ types differ in mutability
[INFO] [stdout]     |
[INFO] [stdout]     = note: expected fn pointer `fn(core::pin::Pin<&mut future_obj::FutureObj<'a, T>>, &mut Context<'_>) -> core::task::Poll<_>`
[INFO] [stdout]                found fn pointer `fn(core::pin::Pin<&mut future_obj::FutureObj<'a, T>>, &core::task::Waker) -> core::task::Poll<_>`
[INFO] [stdout] 
[INFO] [stdout] 
[INFO] [stderr]     Checking nodrop v0.1.13
[INFO] [stderr]     Checking linked_list_allocator v0.6.3
[INFO] [stdout] error[E0308]: mismatched types
[INFO] [stdout]   --> /opt/rustwide/cargo-home/git/checkouts/futures-rs-4ca77cb4f4f05ac4/6e96a85/futures-core/src/future/mod.rs:89:19
[INFO] [stdout]    |
[INFO] [stdout] 89 |         self.poll(waker)
[INFO] [stdout]    |                   ^^^^^ types differ in mutability
[INFO] [stdout]    |
[INFO] [stdout]    = note: expected mutable reference `&mut Context<'_>`
[INFO] [stdout]                       found reference `&core::task::Waker`
[INFO] [stdout] 
[INFO] [stdout] 
[INFO] [stdout] error[E0308]: mismatched types
[INFO] [stdout]    --> /opt/rustwide/cargo-home/git/checkouts/futures-rs-4ca77cb4f4f05ac4/6e96a85/futures-core/src/future/future_obj.rs:118:44
[INFO] [stdout]     |
[INFO] [stdout] 118 |         LocalFutureObj::poll(pinned_field, waker)
[INFO] [stdout]     |                                            ^^^^^ types differ in mutability
[INFO] [stdout]     |
[INFO] [stdout]     = note: expected mutable reference `&mut Context<'_>`
[INFO] [stdout]                        found reference `&core::task::Waker`
[INFO] [stdout] 
[INFO] [stdout] 
[INFO] [stdout] error[E0308]: mismatched types
[INFO] [stdout]    --> /opt/rustwide/cargo-home/git/checkouts/futures-rs-4ca77cb4f4f05ac4/6e96a85/futures-core/src/future/future_obj.rs:165:20
[INFO] [stdout]     |
[INFO] [stdout] 165 |         F::poll(p, waker)
[INFO] [stdout]     |                    ^^^^^ types differ in mutability
[INFO] [stdout]     |
[INFO] [stdout]     = note: expected mutable reference `&mut Context<'_>`
[INFO] [stdout]                        found reference `&core::task::Waker`
[INFO] [stdout] 
[INFO] [stdout] 
[INFO] [stdout] error[E0308]: mismatched types
[INFO] [stdout]    --> /opt/rustwide/cargo-home/git/checkouts/futures-rs-4ca77cb4f4f05ac4/6e96a85/futures-core/src/future/future_obj.rs:182:25
[INFO] [stdout]     |
[INFO] [stdout] 182 |         F::poll(future, waker)
[INFO] [stdout]     |                         ^^^^^ types differ in mutability
[INFO] [stdout]     |
[INFO] [stdout]     = note: expected mutable reference `&mut Context<'_>`
[INFO] [stdout]                        found reference `&core::task::Waker`
[INFO] [stdout] 
[INFO] [stdout] 
[INFO] [stderr]     Checking void v1.0.2
[INFO] [stdout] error[E0308]: mismatched types
[INFO] [stdout]    --> /opt/rustwide/cargo-home/git/checkouts/futures-rs-4ca77cb4f4f05ac4/6e96a85/futures-core/src/future/future_obj.rs:204:26
[INFO] [stdout]     |
[INFO] [stdout] 204 |             F::poll(pin, waker)
[INFO] [stdout]     |                          ^^^^^ types differ in mutability
[INFO] [stdout]     |
[INFO] [stdout]     = note: expected mutable reference `&mut Context<'_>`
[INFO] [stdout]                        found reference `&core::task::Waker`
[INFO] [stdout] 
[INFO] [stdout] 
[INFO] [stdout] error[E0308]: mismatched types
[INFO] [stdout]    --> /opt/rustwide/cargo-home/git/checkouts/futures-rs-4ca77cb4f4f05ac4/6e96a85/futures-core/src/future/future_obj.rs:226:26
[INFO] [stdout]     |
[INFO] [stdout] 226 |             F::poll(pin, waker)
[INFO] [stdout]     |                          ^^^^^ types differ in mutability
[INFO] [stdout]     |
[INFO] [stdout]     = note: expected mutable reference `&mut Context<'_>`
[INFO] [stdout]                        found reference `&core::task::Waker`
[INFO] [stdout] 
[INFO] [stdout] 
[INFO] [stdout] error[E0432]: unresolved import `alloc::alloc::Alloc`
[INFO] [stdout]   --> /opt/rustwide/cargo-home/registry/src/github.com-1ecc6299db9ec823/linked_list_allocator-0.6.3/src/lib.rs:15:20
[INFO] [stdout]    |
[INFO] [stdout] 15 | use alloc::alloc::{Alloc, AllocErr, Layout};
[INFO] [stdout]    |                    ^^^^^
[INFO] [stdout]    |                    |
[INFO] [stdout]    |                    no `Alloc` in `alloc`
[INFO] [stdout]    |                    help: a similar name exists in the module: `alloc`
[INFO] [stdout] 
[INFO] [stdout] 
[INFO] [stdout] error: aborting due to previous error
[INFO] [stdout] 
[INFO] [stdout] 
[INFO] [stdout] For more information about this error, try `rustc --explain E0432`.
[INFO] [stdout] 
[INFO] [stderr] error: could not compile `linked_list_allocator`.
[INFO] [stderr] 
[INFO] [stderr] To learn more, run the command again with --verbose.
[INFO] [stderr] warning: build failed, waiting for other jobs to finish...
[INFO] [stdout] error: aborting due to 8 previous errors
[INFO] [stdout] 
[INFO] [stdout] 
[INFO] [stdout] Some errors have detailed explanations: E0053, E0308.
[INFO] [stdout] 
[INFO] [stdout] For more information about an error, try `rustc --explain E0053`.
[INFO] [stdout] 
[INFO] [stderr] error: build failed
[INFO] running `Command { std: "docker" "inspect" "bd2824641024d07ed4637823c46d5905c426d48ee27410d741a7b5249e05d6c1", kill_on_drop: false }`
[INFO] running `Command { std: "docker" "rm" "-f" "bd2824641024d07ed4637823c46d5905c426d48ee27410d741a7b5249e05d6c1", kill_on_drop: false }`
[INFO] [stdout] bd2824641024d07ed4637823c46d5905c426d48ee27410d741a7b5249e05d6c1
